{"id":163,"date":"2020-08-25T09:18:21","date_gmt":"2020-08-25T09:18:21","guid":{"rendered":"http:\/\/www.tmddanismanlik.com\/?page_id=163"},"modified":"2023-04-13T16:37:04","modified_gmt":"2023-04-13T16:37:04","slug":"yonetici-egitimleri","status":"publish","type":"page","link":"https:\/\/www.tmddanismanlik.com\/index.php\/yonetici-egitimleri\/","title":{"rendered":"Y\u00f6netici E\u011fitimleri"},"content":{"rendered":"\n<p>\u0130yi bir y\u00f6netici olmak i\u00e7in gerekli bilgi ve becerileri kazanmak, liderlik pozisyonlar\u0131nda yeni olan ki\u015filer i\u00e7in \u00e7ok \u00f6nemlidir.&nbsp;Bu program t\u00fcm yeni liderlere, \u00f6zellikle de yeni y\u00f6neticilere veya ekip liderlerine, y\u00f6netim becerilerini iyile\u015ftirme, geli\u015ftirme ve performanslar\u0131n\u0131 art\u0131rma konusunda yard\u0131mc\u0131 olmak i\u00e7in tasarlanm\u0131\u015ft\u0131r.&nbsp;Harmanlanm\u0131\u015f bir \u00f6\u011frenme yakla\u015f\u0131m\u0131, derslerin ko\u00e7luk kolayla\u015ft\u0131rma tarz\u0131 ve uzaktan e\u011fitim kolayl\u0131\u011f\u0131 ile bu e\u011fitim program\u0131, etkili insan y\u00f6netimini, kendi kendini y\u00f6netmeyi ve ba\u015fkalar\u0131n\u0131n performans\u0131n\u0131 y\u00f6netmeyi ke\u015ffetmek i\u00e7in e\u015fsiz bir f\u0131rsat sunar. E\u011fitim program\u0131nda y\u00f6neticiler i\u00e7in finans, maliyet muhasebesi gibi teknik bilgilerde programa dahil edilmi\u015ftir. Nihayetinde kat\u0131l\u0131mc\u0131lara, y\u00f6netim rol\u00fcnde bir lider olarak ba\u015far\u0131l\u0131 olmak i\u00e7in gereken pratik ara\u00e7lar\u0131, stratejileri ve becerileri tan\u0131t\u0131r.<\/p>\n\n\n\n<p><strong>Kimler \u0130\u00e7in?<\/strong><\/p>\n\n\n\n<p>Y\u00f6netsel bilgi ve becerilerini peki\u015ftirmek isteyen yeni y\u00f6neticiler, y\u00f6neticiler veya ekip liderleri.&nbsp;Bir y\u00f6netim pozisyonunu kabul etmek \u00fczere olan veya y\u00f6netimde kariyer planlayan ki\u015filer. Kurumsalla\u015fma \u00e7al\u0131\u015fmalar\u0131na ba\u015flamak isteyen KOB\u0130 sahipleri ve ortaklar\u0131.<\/p>\n\n\n\n<p><strong>Program Ba\u015fl\u0131klar\u0131<\/strong><\/p>\n\n\n\n<ul>\n<li>Y\u00f6netim ve Organizasyon<\/li>\n\n\n\n<li>Zaman ve \u00d6ncelik Y\u00f6netimi<\/li>\n\n\n\n<li>Liderlik Yakla\u015f\u0131m\u0131<\/li>\n\n\n\n<li>Stratejik Karar Verme <\/li>\n\n\n\n<li>Y\u00f6neticiler i\u00e7in Muhasebe ve Finans<\/li>\n\n\n\n<li>Finansman ve Maliyet Muhasebesi<\/li>\n\n\n\n<li>Stratejik Pazarlama<\/li>\n\n\n\n<li>\u0130nsan Kaynaklar\u0131 Y\u00f6netimi <\/li>\n\n\n\n<li>Ekip Kurma ve Ekip Y\u00f6netimi<\/li>\n<\/ul>\n","protected":false},"excerpt":{"rendered":"<p>\u0130yi bir y\u00f6netici olmak i\u00e7in gerekli bilgi ve becerileri kazanmak, liderlik pozisyonlar\u0131nda yeni olan ki\u015filer i\u00e7in \u00e7ok \u00f6nemlidir.&nbsp;Bu program t\u00fcm yeni liderlere, \u00f6zellikle de yeni y\u00f6neticilere veya ekip liderlerine, y\u00f6netim becerilerini iyile\u015ftirme, geli\u015ftirme ve performanslar\u0131n\u0131 art\u0131rma konusunda yard\u0131mc\u0131 olmak i\u00e7in tasarlanm\u0131\u015ft\u0131r.&nbsp;Harmanlanm\u0131\u015f bir \u00f6\u011frenme yakla\u015f\u0131m\u0131, derslerin ko\u00e7luk kolayla\u015ft\u0131rma tarz\u0131 ve uzaktan e\u011fitim kolayl\u0131\u011f\u0131 ile bu e\u011fitim<\/p>\n<p><a href=\"https:\/\/www.tmddanismanlik.com\/index.php\/yonetici-egitimleri\/\" class=\"more-link\">Daha fazlas\u0131n\u0131 oku<\/a><\/p>\n","protected":false},"author":1,"featured_media":0,"parent":0,"menu_order":0,"comment_status":"closed","ping_status":"closed","template":"","meta":[],"_links":{"self":[{"href":"https:\/\/www.tmddanismanlik.com\/index.php\/wp-json\/wp\/v2\/pages\/163"}],"collection":[{"href":"https:\/\/www.tmddanismanlik.com\/index.php\/wp-json\/wp\/v2\/pages"}],"about":[{"href":"https:\/\/www.tmddanismanlik.com\/index.php\/wp-json\/wp\/v2\/types\/page"}],"author":[{"embeddable":true,"href":"https:\/\/www.tmddanismanlik.com\/index.php\/wp-json\/wp\/v2\/users\/1"}],"replies":[{"embeddable":true,"href":"https:\/\/www.tmddanismanlik.com\/index.php\/wp-json\/wp\/v2\/comments?post=163"}],"version-history":[{"count":8,"href":"https:\/\/www.tmddanismanlik.com\/index.php\/wp-json\/wp\/v2\/pages\/163\/revisions"}],"predecessor-version":[{"id":249,"href":"https:\/\/www.tmddanismanlik.com\/index.php\/wp-json\/wp\/v2\/pages\/163\/revisions\/249"}],"wp:attachment":[{"href":"https:\/\/www.tmddanismanlik.com\/index.php\/wp-json\/wp\/v2\/media?parent=163"}],"curies":[{"name":"wp","href":"https:\/\/api.w.org\/{rel}","templated":true}]}}