{"id":98,"date":"2020-08-20T17:16:52","date_gmt":"2020-08-20T17:16:52","guid":{"rendered":"http:\/\/www.tmddanismanlik.com\/?page_id=98"},"modified":"2023-04-13T16:36:29","modified_gmt":"2023-04-13T16:36:29","slug":"destekler","status":"publish","type":"page","link":"https:\/\/www.tmddanismanlik.com\/index.php\/destekler\/","title":{"rendered":"Destekler"},"content":{"rendered":"\n<p><strong>AVRUPA B\u0130RL\u0130\u011e\u0130 \u00c7ER\u00c7EVE PROGRAMLARI DESTEKLER\u0130<\/strong><\/p>\n\n\n\n<p>Birlik Programlar\u0131 belirli bir s\u00fcre i\u00e7in Birlik politikalar\u0131 ile ilgili belirli alanlar\u0131 kapsayacak \u015fekilde AB \u00fcye \u00fclkeleri ve aday \u00fclkeler aras\u0131nda i\u015fbirli\u011fini te\u015fvik etmek \u00fczere uygulanan faaliyetler b\u00fct\u00fcn\u00fcd\u00fcr. Bu faaliyetler kapsam\u0131nda desteklenen ya da yeni duyurular kapsam\u0131nda desteklenecek olan alanlarda gerekli olan ba\u015fvuru a\u015famas\u0131nda projelendirme s\u00fcre\u00e7leri kurumumuzun uzman kadrosu ile yap\u0131land\u0131r\u0131lmaktad\u0131r. Destek programlar\u0131n\u0131n ilan edilmesi ve bu s\u00fcrecin bir b\u00fct\u00fcn olarak hizmetinize sunulmas\u0131 ile maksimum deste\u011fi sa\u011flanmas\u0131 kurumumuzun bu kapsamdaki amac\u0131d\u0131r. <\/p>\n\n\n\n<p>2014-2020 y\u0131llar\u0131nda T\u00fcrkiye&#8217;nin kat\u0131l\u0131m sa\u011flad\u0131\u011f\u0131 AB Programlar\u0131 <\/p>\n\n\n\n<ul>\n<li>Erasmus <\/li>\n\n\n\n<li>Ufuk 2020<\/li>\n\n\n\n<li>\u0130\u015fletmelerin ve KOB\u0130&#8217;lerin Rekabet Edebilirli\u011fi Program\u0131 (COSME)<\/li>\n\n\n\n<li>Yarat\u0131c\u0131 Avrupa Program\u0131<\/li>\n\n\n\n<li>\u0130stihdam ve Sosyal Yenilik Program\u0131 (EASI)<\/li>\n\n\n\n<li>Fiscalis 2020<\/li>\n\n\n\n<li>G\u00fcmr\u00fckler 2020 AB Destek programlar\u0131 ile ilgili bilgi i\u00e7in: <a rel=\"noreferrer noopener\" href=\"http:\/\/www.ab.gov.tr\/index.php?p=101\" target=\"_blank\">http:\/\/www.ab.gov.tr<\/a><\/li>\n<\/ul>\n\n\n\n<p><strong>BAKANLIK DESTEKLER\u0130<\/strong><\/p>\n\n\n\n<p>T\u00fcrkiye\u2019de yer alan 21 bakanl\u0131\u011f\u0131n y\u0131l boyunca belli d\u00f6nemlerde belli toplumsal konular ile ilgili olarak destek \u00e7a\u011fr\u0131lar\u0131 bulunmaktad\u0131r. \u00d6zellikle toplumsal fayday\u0131 maksimize etme a\u015famas\u0131nda etkin rol oynayan bakanl\u0131klar\u0131n hem giri\u015fimci ve KOB\u0130\u2019lere hem de sivil toplum kurulu\u015flar\u0131na hibe destekleri s\u00f6z konusudur. Bu a\u015famada kurumumuz da bu desteklerden sizlerin en verimli \u015fekilde yararlanmas\u0131n\u0131 ama\u00e7lamaktad\u0131r. Bu ama\u00e7la destek kapsam\u0131nda yap\u0131lan duyurular\u0131n sizlere ula\u015ft\u0131r\u0131lmas\u0131 ve ba\u015fvurular\u0131n\u0131z\u0131n projelendirilmesinde uzman kadromuz sizlerle birlikte olacakt\u0131r.<\/p>\n\n\n\n<p><strong>Ekonomi Bakanl\u0131\u011f\u0131 Destekleri<\/strong><\/p>\n\n\n\n<p>Yeni Yat\u0131r\u0131m Te\u015fvik Sistemi, 15 Haziran 2012 tarih ve 2012\/3305 say\u0131l\u0131 \u201cYat\u0131r\u0131mlarda Devlet Yard\u0131mlar\u0131 Hakk\u0131nda Karar\u201d \u0131n 19 \/06 \/2012 tarihli Resmi Gazete\u2019 de yay\u0131mlanmas\u0131 ile y\u00fcr\u00fcrl\u00fc\u011fe girmi\u015f; Karar\u0131n uygulanmas\u0131na ili\u015fkin usul ve esaslar da 2012\/1 say\u0131l\u0131 Tebli\u011f ile belirlenmi\u015ftir. T\u00fcrkiye\u2019nin 2023 Vizyonu ile \u00fcretim ve ihracat odakl\u0131 b\u00fcy\u00fcme stratejisi bak\u0131m\u0131ndan b\u00fcy\u00fck \u00f6nem ta\u015f\u0131yan yat\u0131r\u0131m te\u015fvik sistemi, kalk\u0131nma planlar\u0131 ve y\u0131ll\u0131k programlarda \u00f6ng\u00f6r\u00fclen hedeflere uygun olarak;<\/p>\n\n\n\n<ul>\n<li>Tasarruflar\u0131 katma de\u011feri y\u00fcksek yat\u0131r\u0131mlara y\u00f6nlendirmek,<\/li>\n\n\n\n<li>\u00dcretimi ve istihdam\u0131 art\u0131rmak,<\/li>\n\n\n\n<li>Uluslararas\u0131 rekabet g\u00fcc\u00fcn\u00fc art\u0131racak ve ara\u015ft\u0131rma-geli\u015ftirme i\u00e7eri\u011fi y\u00fcksek b\u00fcy\u00fck \u00f6l\u00e7ekli yat\u0131r\u0131mlar ile stratejik yat\u0131r\u0131mlar\u0131 \u00f6zendirmek,<\/li>\n\n\n\n<li>Uluslararas\u0131 do\u011frudan yat\u0131r\u0131mlar\u0131 art\u0131rmak,<\/li>\n\n\n\n<li>B\u00f6lgesel geli\u015fmi\u015flik farkl\u0131l\u0131klar\u0131n\u0131 azaltmak,<\/li>\n\n\n\n<li>K\u00fcmelenme ve \u00e7evre korumaya y\u00f6nelik yat\u0131r\u0131mlar\u0131 \u00f6zendirmek, ama\u00e7lar\u0131n\u0131 ger\u00e7ekle\u015ftirmeyi hedeflemektedir.<\/li>\n<\/ul>\n\n\n\n<p><strong>KOSGEB TE\u015eV\u0130KLER\u0130<\/strong><\/p>\n\n\n\n<p>\u00dclkenin ekonomik ve sosyal ihtiya\u00e7lar\u0131n\u0131n kar\u015f\u0131lanmas\u0131nda k\u00fc\u00e7\u00fck ve orta \u00f6l\u00e7ekli i\u015fletmelerin pay\u0131n\u0131 ve etkinli\u011fini art\u0131rmak, rekabet g\u00fc\u00e7lerini ve d\u00fczeylerini y\u00fckseltmek, sanayide entegrasyonu ekonomik geli\u015fmelere uygun bi\u00e7imde ger\u00e7ekle\u015ftirmek amac\u0131yla, K\u00fc\u00e7\u00fck ve Orta \u00d6l\u00e7ekli \u0130\u015fletmeleri Geli\u015ftirme ve Destekleme \u0130daresi Ba\u015fkanl\u0131\u011f\u0131 kurulmu\u015ftur. Kurulu\u015fun k\u0131sa ad\u0131 <strong>KOSGEB\u2019dir.<\/strong> (<a href=\"http:\/\/www.kosgeb.gov.tr\"><em>www.kosgeb.gov.tr<\/em><\/a><em>) <\/em>&nbsp;<\/p>\n\n\n\n<p><strong>KOSGEB taraf\u0131ndan sa\u011flanan te\u015fvik programlar\u0131 a\u015fa\u011f\u0131daki gibidir:<\/strong><\/p>\n\n\n\n<p>Giri\u015fimcilik Destek Program\u0131<\/p>\n\n\n\n<ul>\n<li><a href=\"http:\/\/www.kosgeb.gov.tr\/Pages\/UI\/Destekler.aspx?ref=7\">Genel Destek Program\u0131<\/a><\/li>\n\n\n\n<li><a href=\"http:\/\/www.kosgeb.gov.tr\/Pages\/UI\/Destekler.aspx?ref=5\">\u0130\u015fbirli\u011fi G\u00fc\u00e7 Birli\u011fi Destek Program\u0131<\/a><\/li>\n\n\n\n<li>KOB\u0130 Proje Destek Program\u0131<\/li>\n\n\n\n<li>KOB\u0130GEL- KOB\u0130 Geli\u015fim Destek Program\u0131<\/li>\n\n\n\n<li><a href=\"http:\/\/www.kosgeb.gov.tr\/Pages\/UI\/Destekler.aspx?ref=6\">AR-GE, \u0130novasyon ve End\u00fcstriyel Uygulama Destek Program\u0131<\/a><\/li>\n\n\n\n<li>Uluslararas\u0131 Kulu\u00e7ka Merkezi ve H\u0131zland\u0131r\u0131c\u0131 Destek Program\u0131<\/li>\n\n\n\n<li><a href=\"http:\/\/www.kosgeb.gov.tr\/Pages\/UI\/Destekler.aspx?ref=24\">Geli\u015fen \u0130\u015fletmeler Piyasas\u0131 Kobi Destek Program\u0131<\/a><\/li>\n\n\n\n<li><a href=\"http:\/\/www.kosgeb.gov.tr\/Pages\/UI\/Destekler.aspx?ref=4\">Tematik Proje Destek Program\u0131<\/a><\/li>\n\n\n\n<li><a href=\"http:\/\/www.kosgeb.gov.tr\/Pages\/UI\/Destekler.aspx?ref=32\">Kredi Faiz Deste\u011fi<\/a><\/li>\n\n\n\n<li><a href=\"http:\/\/www.kosgeb.gov.tr\/Pages\/UI\/Destekler.aspx?ref=37\">Laboratuvar Hizmetleri<\/a><\/li>\n<\/ul>\n\n\n\n<p><strong>KALKINMA AJANSLARI DESTEKLER\u0130<\/strong><\/p>\n\n\n\n<p>B\u00f6lgesel anlamda en g\u00fc\u00e7l\u00fc ekonomik unsurlardan olan kalk\u0131nma ajanslar\u0131n\u0131n y\u0131l boyunca farkl\u0131 konularda destek programlar\u0131 a\u00e7\u0131lmaktad\u0131r.&nbsp; Ege ve Marmara B\u00f6lgesi \u00f6ncelikli olarak yurt genelinde yer alan kalk\u0131nma ajanslar\u0131n\u0131n destek \u00e7a\u011fr\u0131lar\u0131n\u0131n duyurulmas\u0131 ve gerekli olan s\u00fcre\u00e7lerin profesyonel anlamda y\u00fcr\u00fct\u00fclmesi konusunda uzman kadromuz sizlerle i\u015fbirli\u011fi i\u00e7erisinde olacakt\u0131r. S\u00fcrecin ba\u015flat\u0131lmas\u0131 ve projelendirme ile sonu\u00e7land\u0131rarak uygulanmas\u0131 noktas\u0131nda yer alacak olan kurumumuz sizlerin bu destek \u00e7a\u011fr\u0131lar\u0131ndan en verimli \u015fekilde yararlanman\u0131z\u0131 sa\u011flayacakt\u0131r.<\/p>\n\n\n\n<p><strong>Kalk\u0131nma Bakanl\u0131\u011f\u0131<\/strong>&nbsp;b\u00fcnyesinde, T\u00fcrkiye\u2019de b\u00f6lgesel geli\u015fmeyi h\u0131zland\u0131rmak, b\u00fct\u00fcn&nbsp;b\u00f6lgelerde sosyal ve ekonomik kalk\u0131nma giri\u015fimlerini ba\u015flatmak ve desteklemek, b\u00f6lgesel&nbsp;geli\u015fmi\u015flik farklar\u0131n\u0131 azaltarak b\u00f6lgelerin ulusal kalk\u0131nma ve rekabet g\u00fcc\u00fcne katk\u0131lar\u0131n\u0131&nbsp;art\u0131rmak amac\u0131yla kurulan Kalk\u0131nma Ajanslar\u0131n\u0131n say\u0131s\u0131 bug\u00fcn 26\u2019y\u0131 bulmu\u015ftur.<\/p>\n\n\n\n<p>Ajanslar\u0131n faaliyet g\u00f6sterdikleri b\u00f6lgeler i\u00e7in temel g\u00f6revleri i\u015fbirli\u011fini ve koordinasyonu&nbsp;geli\u015ftirerek sinerji yaratmakt\u0131r. Kalk\u0131nman\u0131n b\u00f6lgesel \u00e7al\u0131\u015fmalarla sa\u011flanaca\u011f\u0131na inanan bu&nbsp;kurulu\u015flar ba\u011fl\u0131 bulunduklar\u0131 illerdeki i\u015fletmelerin geli\u015fimini b\u00f6lgenin kalk\u0131nmas\u0131 yolunda \u00f6nemli&nbsp;bir unsur olarak g\u00f6rmektedirler. Sadece&nbsp;<strong>hibe<\/strong>&nbsp;da\u011f\u0131tan kurulu\u015flar olarak alg\u0131lanmamas\u0131 gereken&nbsp;Ajanslar yaln\u0131zca KOB\u0130\u2019lerin de\u011fil kar amac\u0131 g\u00fctmeyen kurum ve kurulu\u015flar\u0131n geli\u015fimini de&nbsp;hedefleri aras\u0131na alm\u0131\u015flard\u0131r.<\/p>\n\n\n\n<p><strong>De\u011ferlendirme S\u00fcreci<\/strong><\/p>\n\n\n\n<p>Ba\u015fvuru s\u00fcrecinden sonra heyecanla beklenen de\u011ferlendirme s\u00fcreci ba\u015flar. Projelerin&nbsp;de\u011ferlendirme s\u00fcreci yakla\u015f\u0131k 3 ay s\u00fcrmektedir. Bu s\u00fcre sonunda hibe almaya haz kazanan&nbsp;<strong>KOB\u0130\u2019ler ile Kalk\u0131nma Ajanslar\u0131<\/strong>&nbsp;aras\u0131nda hibe s\u00f6zle\u015fmesi imzalanmaktad\u0131r. S\u00f6zle\u015fme&nbsp;kapsam\u0131nda hibe almaya hak kazanan KOB\u0130\u2019lerin s\u00f6zle\u015fmenin imzalanmas\u0131ndan sonra&nbsp;Kalk\u0131nma Ajans\u0131na&nbsp;<strong>hibe<\/strong>&nbsp;tutar\u0131n\u0131n %10\u2019u oran\u0131nda teminat (nakdi veya banka teminat&nbsp;mektubu) sa\u011flamas\u0131 gerekmektedir.<\/p>\n\n\n\n<p>Kalk\u0131nma Ajans\u0131 olarak \u0130ZKA (\u0130zmir Kalk\u0131nma Ajans\u0131), ZAFER Kalk\u0131nma Ajans\u0131, GEKA (G\u00fcney Ege Kalk\u0131nma Ajans\u0131), GMKA (G\u00fcney Marmara Kalk\u0131nma Ajans\u0131) ve di\u011fer kalk\u0131nma ajanslar\u0131 destekleri i\u00e7in projelendirme s\u00fcre\u00e7lerinizde \u00e7\u00f6z\u00fcm orta\u011f\u0131n\u0131z oluyoruz.<\/p>\n\n\n\n<p>Kalk\u0131nma ajanslar\u0131 ve destekleri ile ilgili daha ayr\u0131nt\u0131l\u0131 bilgi i\u00e7in: <a href=\"http:\/\/www.izka.org.tr\/\">http:\/\/www.izka.org.tr\/<\/a>&nbsp;&nbsp; <a href=\"http:\/\/www.zafer.org.tr\/\">http:\/\/www.zafer.org.tr\/<\/a> <a href=\"http:\/\/www.gmka.org.tr\/\">http:\/\/www.gmka.org.tr\/<\/a>&nbsp; <a href=\"http:\/\/geka.gov.tr\/\">http:\/\/geka.gov.tr\/<\/a>&nbsp; <\/p>\n\n\n\n<p><strong>T\u00dcB\u0130TAK DESTEKLER\u0130<\/strong><\/p>\n\n\n\n<p>T\u00fcrkiye Bilimsel ve Teknolojik Ara\u015ft\u0131rmalar Kurumu (T\u00dcB\u0130TAK) taraf\u0131ndan y\u0131l boyunca farkl\u0131 alanlarda a\u00e7\u0131lan ulusal, uluslararas\u0131, sanayi, bilimsel, akademik, kamu ve giri\u015fimcilik desteklerinden ve Ar-Ge faaliyetlerinden kurumunuzun en aktif \u015fekilde yararlanmas\u0131 s\u00fcrecinde ihtiyac\u0131n\u0131z olan b\u00fct\u00fcn dan\u0131\u015fmanl\u0131k taraf\u0131m\u0131zca yap\u0131lmaktad\u0131r. T\u00dcB\u0130TAK taraf\u0131ndan y\u0131l boyunca yay\u0131nlanan destek programlar\u0131n\u0131n duyurusu d\u00e2hil b\u00fct\u00fcn s\u00fcrecin uygulanmas\u0131 a\u015famas\u0131nda kurumumuz profesyonel kadrosu ile gerekli olan t\u00fcm s\u00fcreci y\u00f6netmektedir.<\/p>\n\n\n\n<p><strong>ULUSAL DESTEK PROGRAMLARI<\/strong><\/p>\n\n\n\n<ul type=\"1\">\n<li>1512 &#8211; Tekno Giri\u015fim Sermaye Destek Program\u0131 (B\u0130GG)<\/li>\n\n\n\n<li>1501 &#8211; T\u00dcB\u0130TAK Sanayi ve Ar-Ge projeleri Destekleme Programlar\u0131<\/li>\n\n\n\n<li>1503 &#8211; Proje Pazarlar\u0131 Destekleme Program\u0131<\/li>\n\n\n\n<li>1511 &#8211; T\u00dcB\u0130TAK \u00d6ncelikli Alanlar Ara\u015ft\u0131rma Teknoloji Geli\u015ftirme ve Yenilik P.D.P.<\/li>\n\n\n\n<li>1602 &#8211; T\u00dcB\u0130TAK Patent Destek Program\u0131<\/li>\n\n\n\n<li><a href=\"http:\/\/www.tubitak.gov.tr\/tr\/destekler\/sanayi\/ulusal-destek-programlari\/icerik-1505-universite-sanayi-isbirligi-destek-programi\">1505 &#8211; \u00dcniversite-Sanayi \u0130\u015fbirli\u011fi Destek Program\u0131<\/a><\/li>\n\n\n\n<li><a href=\"http:\/\/www.tubitak.gov.tr\/tr\/destekler\/sanayi\/ulusal-destek-programlari\/icerik-1515-oncul-ar-ge-laboratuvarlari-destekleme-programi\">1515 &#8211; \u00d6nc\u00fcl Ar-Ge Laboratuvarlar\u0131 Destekleme Program\u0131<\/a><\/li>\n\n\n\n<li><a href=\"http:\/\/www.tubitak.gov.tr\/tr\/destekler\/sanayi\/ulusal-destek-programlari\/icerik-1007-kamu-kurumlari-arastirma-ve-gelistirme-projelerini-dp\">1007 &#8211; Kamu Kurumlar\u0131 Ara\u015ft\u0131rma ve Geli\u015ftirme Projelerini D.P.<\/a><\/li>\n\n\n\n<li><a href=\"http:\/\/www.tubitak.gov.tr\/tr\/destekler\/sanayi\/ulusal-destek-programlari\/icerik-1601-yenilik-girisimcilik-alanlarinda-kapasite-artirilmasina-yonelik-dp\">1601 &#8211; Yenilik Giri\u015fimcilik Alanlar\u0131nda Kapasite Art\u0131r\u0131lmas\u0131na Y\u00f6nelik D.P.<\/a><\/li>\n\n\n\n<li><a href=\"http:\/\/www.tubitak.gov.tr\/tr\/destekler\/sanayi\/ulusal-destek-programlari\/icerik-1514-girisim-sermayesi-destekleme-programi-gisdep\">1514 &#8211; Giri\u015fim Sermayesi Destekleme Program\u0131 (G\u0130SDEP)<\/a><\/li>\n\n\n\n<li><a href=\"http:\/\/www.tubitak.gov.tr\/tr\/destekler\/sanayi\/ulusal-destek-programlari\/icerik-1513-teknoloji-transfer-ofisleri-destekleme-programi\">1513 &#8211; Teknoloji Transfer Ofisleri Destekleme Program\u0131<\/a><\/li>\n\n\n\n<li><a href=\"http:\/\/www.tubitak.gov.tr\/tr\/destekler\/girisimcilik\/ulusal-destek-programlari\/icerik-2238-girisimcilik-ve-yenilikcilik-yarismalari-programi\">2238 &#8211; Giri\u015fimcilik ve Yenilik\u00e7ilik Yar\u0131\u015fmalar\u0131 Program\u0131<\/a><\/li>\n\n\n\n<li><a href=\"http:\/\/www.tubitak.gov.tr\/tr\/destekler\/girisimcilik\/ulusal-destek-programlari\/icerik-2239-girisimcilik-ve-yenilikcilik-egit-ve-aras-faaliyetlerini-dest-prog\">2239 &#8211; Giri\u015fimcilik ve Yenilik\u00e7ilik E\u011fitim ve Ara\u015ft\u0131rma faaliyetlerini Destek Prog<\/a>ram\u0131<\/li>\n<\/ul>\n\n\n\n<p>&nbsp;T\u00dcB\u0130TAK Destekleri ile ilgili daha ayr\u0131nt\u0131l\u0131 bilgi i\u00e7in: <a href=\"http:\/\/www.tubitak.gov.tr\/\">http:\/\/www.tubitak.gov.tr\/<\/a><\/p>\n\n\n\n<p><strong>STK DESTEKLER\u0130<\/strong><\/p>\n\n\n\n<p>\u00dclkemizde yer alan ve farkl\u0131 konumlara sahip olan organizasyonlar\u0131n belli d\u00f6nemlerde farkl\u0131 Sivil Toplum Kurulu\u015flar\u0131 i\u00e7in se\u00e7ilmi\u015f olan konular kapsam\u0131nda destek ve\/veya hibe programlar\u0131 uygulanmaktad\u0131r. Sivil toplum kurulu\u015flar\u0131n\u0131n toplumsal etkilerinin artt\u0131r\u0131lmas\u0131 noktas\u0131nda olduk\u00e7a \u00f6nemli konuma sahip olan bu destek programlar\u0131na ba\u015fvuru s\u00fcrecinde kurumunuza proje dan\u0131\u015fmanl\u0131\u011f\u0131 yaparak s\u00fcrecin, ad\u0131n\u0131za en etkin \u015fekilde y\u00fcr\u00fct\u00fclmesi s\u00f6z konusu olacakt\u0131r.&nbsp;<\/p>\n\n\n\n<p><strong>AR-GE MERKEZ\u0130 KURULUMU<\/strong><\/p>\n\n\n\n<p>5746 say\u0131l\u0131 Ar-Ge Kanunu kapsam\u0131nda Ar-Ge Merkezleri, \u201cDar m\u00fckellef kurumlar\u0131n T\u00fcrkiye&#8217;deki i\u015fyerleri d\u00e2hil, kanun\u00ee veya i\u015f merkezi T\u00fcrkiye&#8217;de bulunan sermaye \u015firketlerinin; organizasyon yap\u0131s\u0131 i\u00e7inde ayr\u0131 bir birim \u015feklinde \u00f6rg\u00fctlenmi\u015f, m\u00fcnhas\u0131ran yurt i\u00e7inde ara\u015ft\u0131rma ve geli\u015ftirme faaliyetlerinde bulunan ve en az 30 tam zaman e\u015fde\u011fer Ar-Ge personeli istihdam eden (16\/02\/2016 y\u00fcr\u00fcrl\u00fc\u011fe giren 6676 Say\u0131l\u0131 Kanun kapsam\u0131nda \u00f6ncelikli alanlarda faaliyet g\u00f6steren sekt\u00f6rler i\u00e7in e\u015fde\u011fer Ar-Ge personeli say\u0131s\u0131 15\u2019e indirilmi\u015ftir), yeterli Ar-Ge birikimi ve yetene\u011fi olan birimlerdir.\u201d<strong><\/strong><\/p>\n\n\n\n<p><strong>AR-GE Merkezi Kurulum faaliyetleri<\/strong><\/p>\n\n\n\n<ul type=\"1\">\n<li>Ar-Ge Merkezi teknik ve ekonomik fizibilitesinin yap\u0131lmas\u0131,<\/li>\n\n\n\n<li>Ba\u015fvuru i\u00e7in yol haritas\u0131 olu\u015fturulmas\u0131 ve i\u015f geli\u015ftirme \u00e7al\u0131\u015fmalar\u0131,<\/li>\n\n\n\n<li>Ar-Ge Merkezi proje grubunun kurulmas\u0131,<\/li>\n\n\n\n<li>Ar-Ge Merkezi organizasyonunun kurulmas\u0131,<\/li>\n\n\n\n<li>Kurumlar Vergisi Kanunu, Vergi Usul Kanunu, Gelir Vergisi Kanunu ve SGK \u2018n\u0131n ilgili maddeleri kapsam\u0131nda;<\/li>\n\n\n\n<li>Masraf ve kar merkezi yeri ve kodunun d\u00fczenlenmesi,<\/li>\n\n\n\n<li>\u015eirket hesap plan\u0131n\u0131n yap\u0131land\u0131r\u0131lmas\u0131,<\/li>\n\n\n\n<li>Ar-Ge Merkezi b\u00fct\u00e7e \u2013kontrol sistemi.<\/li>\n\n\n\n<li>Ar-Ge stratejisinin olu\u015fturulmas\u0131,<\/li>\n\n\n\n<li>Ar-Ge Merkezi ba\u015fvuru dosyas\u0131n\u0131n haz\u0131rlanmas\u0131,<\/li>\n\n\n\n<li>Ba\u015fvuru, takip ve m\u00fcracaat revizyonlar\u0131n\u0131n yap\u0131lmas\u0131,<\/li>\n\n\n\n<li>Ba\u015fvuru onay\u0131n\u0131 m\u00fcteakip;<\/li>\n\n\n\n<li>Ar-Ge Merkezi Y\u00f6netmeli\u011finin yaz\u0131lmas\u0131,<\/li>\n\n\n\n<li>\u0130zleme, de\u011ferlendirme ve raporlama,<\/li>\n\n\n\n<li>Ba\u011fl\u0131 bulunulan vergi dairesi ile SGK kurumuna m\u00fcracaat,<\/li>\n\n\n\n<li>Ar-Ge vergi indiriminin hesaplanmas\u0131,<\/li>\n\n\n\n<li>Ar-Ge Merkezi personeli i\u00e7in Ar-Ge Metodolojisi, y\u00f6netim e\u011fitimlerinin verilmesi.<\/li>\n<\/ul>\n\n\n\n<p><strong>AR-GE PROJES\u0130 GEL\u0130\u015eT\u0130R\u0130LMES\u0130<\/strong><\/p>\n\n\n\n<p>Ar-Ge projeleri farkl\u0131 ulusal ve ulusal aras\u0131 fonlar taraf\u0131ndan \u00e7ok y\u00fcksek oranlarda hibe ve\/veya faizsiz krediler \u015feklinde desteklenmektedir. Ancak bu desteklerden faydalanmak i\u00e7in \u015firketlerin mutlaka Ar-Ge projeleri bulunmas\u0131 gerekmektedir. Etkin Proje, proje ve \u015firket alt yap\u0131s\u0131n\u0131 de\u011ferlendirerek Ar-Ge Projesi geli\u015ftirilmesine do\u011frudan destek vermektedir. Bu kapsamda yap\u0131lan ba\u015fl\u0131ca \u00e7al\u0131\u015fmalar \u015funlard\u0131r;<\/p>\n\n\n\n<p><strong>Projelerin De\u011ferlendirilmesi:<\/strong> Proje fikirleri Ar-Ge i\u00e7eri\u011fi y\u00f6n\u00fcnden de\u011ferlendirilir ve teknik, ekonomik ve mevzuat sal kriterlere g\u00f6re \u00f6ncelikle dirilir.<br><br><strong>SWOT Analizi:<\/strong>&nbsp;Projelerin belirlenmesi ve \u00f6ncelikle dirilmesi amac\u0131yla kurumun, pazar\u0131n ve projelerin g\u00fc\u00e7l\u00fc\/zay\u0131f y\u00f6nleri, f\u0131rsat\/tehditleri analiz edilir. Geli\u015ftirilecek olan projelerin kurum yeteneklerini g\u00f6z \u00f6n\u00fcnde bulundurularak rakiplerinden farkl\u0131la\u015fmas\u0131 i\u00e7in gerekenler belirlenir.<br><br><strong>Pazar Ara\u015ft\u0131rmas\u0131:<\/strong>&nbsp;Projenin Ar-Ge i\u00e7eri\u011fi ile birlikte ekonomik de\u011ferinin de \u00f6l\u00e7eklendirilmesi i\u00e7in pazar analizleri yap\u0131l\u0131r.<\/p>\n\n\n\n<p><strong>Teknoloji Ara\u015ft\u0131rmas\u0131:<\/strong>&nbsp;Proje konusunda teknolojinin mevcut durumu ve muhtemel gelece\u011fine y\u00f6nelik ara\u015ft\u0131rmalar yap\u0131l\u0131r.&nbsp; \u0130lgili teknoloji alan\u0131nda \u00e7al\u0131\u015fan akademisyenler belirlenir ve m\u00fcmk\u00fcn olan durumlarda projelerde birlikte \u00e7al\u0131\u015fma olana\u011f\u0131 sa\u011flan\u0131r. B\u00f6ylece \u00fcniversite-sanayi i\u015fbirli\u011fi k\u00f6pr\u00fcs\u00fc aktif olarak kurulur.<\/p>\n\n\n\n<p><strong>Ara\u015ft\u0131rma Ekibi Kurulmas\u0131:<\/strong>&nbsp;Projeyi ger\u00e7ekle\u015ftirecek ara\u015ft\u0131rma ekibinin kurulmas\u0131na katk\u0131 sa\u011flan\u0131r, kaynak ve zaman planlamas\u0131 yap\u0131larak projenin altyap\u0131s\u0131 olu\u015fturulur.&nbsp;<\/p>\n\n\n\n<p><strong>Proje Planlanmas\u0131:<\/strong>&nbsp;Projenin i\u015f plan\u0131n\u0131 olu\u015fturularak, i\u015f paketlerini ve ara \u00e7\u0131kt\u0131lar belirlenir. Proje i\u00e7in risk alanlar\u0131 tespit edilerek alternatif yol haritalar\u0131 \u00e7\u0131kar\u0131l\u0131r.&nbsp;<br><br><strong>Proje Teklif Dok\u00fcman\u0131n\u0131n Olu\u015fturulmas\u0131:<\/strong>&nbsp;Ger\u00e7ekle\u015ftirilen t\u00fcm bu \u00e7al\u0131\u015fmalara paralel olarak proje teklif dok\u00fcman\u0131 standartlara uygun \u015fekilde haz\u0131rlan\u0131r ve ilgili kurulu\u015f\u00e7a de\u011ferlendirmek \u00fczere ba\u015fvurusu yap\u0131l\u0131r.<\/p>\n\n\n\n<p><strong>TEKNOKENT H\u0130ZMETLER\u0130<\/strong><\/p>\n\n\n\n<p>Teknoloji geli\u015ftirme b\u00f6lgelerinde Ar-Ge kapsam\u0131nda faaliyet g\u00f6steren firmalar\u0131m\u0131za ciddi mali avantajlar sa\u011flamaktad\u0131r. Firmalar\u0131n bu b\u00f6lgelerde s\u0131f\u0131rdan yap\u0131lanmalar\u0131 ve\/veya yeni bir \u015fube a\u00e7malar\u0131 konular\u0131nda \u00e7o\u011fu zaman dan\u0131\u015fmanl\u0131k ihtiyac\u0131 do\u011fmaktad\u0131r. Firmalar\u0131m\u0131z\u0131n do\u011fru projeler ve do\u011fru mali yap\u0131 ile bu b\u00f6lgelerde h\u0131zl\u0131 bir \u015fekilde yer alabilmelerini sa\u011flamak \u00fczere \u00f6zellikle a\u015fa\u011f\u0131daki konularda hizmet verilmektedir.<\/p>\n\n\n\n<p><strong>Ba\u015fvuru Haz\u0131rlama ve Ba\u015fvuru Faaliyetleri<\/strong><\/p>\n\n\n\n<ul type=\"1\">\n<li>Teknokent&#8217;e uygun projelerin belirlenmesi (Projelerin Ar-Ge destekleme kriterleri vb.)<\/li>\n\n\n\n<li>SWOT analizleri, kaynak ara\u015ft\u0131rmas\u0131, proje verimlilik analizi<\/li>\n\n\n\n<li>Proje plan\u0131n\u0131n olu\u015fturulmas\u0131, proje ekibinin kurulmas\u0131, proje zaman ve kaynak planlamas\u0131<\/li>\n\n\n\n<li>Teknokent ba\u015fvuru dosyas\u0131n\u0131n olu\u015fturulmas\u0131<\/li>\n\n\n\n<li>Teknokent ba\u015fvurusunun yap\u0131lmas\u0131<\/li>\n\n\n\n<li>Ba\u015fvuru sunumu ve savunmaya haz\u0131rl\u0131k<\/li>\n\n\n\n<li>Ba\u015fvuru de\u011ferlendirme ve s\u00f6zle\u015fme s\u00fcrecinin y\u00f6netilmesi<\/li>\n\n\n\n<li>Gereken durumlarda ba\u015fvurunun revizyonunun yap\u0131lmas\u0131<\/li>\n<\/ul>\n\n\n\n<p><strong>Ar-Ge Dan\u0131\u015fmanl\u0131\u011f\u0131 Faaliyetleri<\/strong><\/p>\n\n\n\n<ul type=\"1\">\n<li>Ar-Ge \u015firketi kurulumu<\/li>\n\n\n\n<li>Ar-Ge y\u00f6netim e\u011fitimlerinin verilmesi ve re-organizasyon<\/li>\n\n\n\n<li>G\u00fcvenlik ve fikri m\u00fclkiyet haklar\u0131 uygulamalar\u0131<\/li>\n<\/ul>\n\n\n\n<p><strong>Teknik Destek Faaliyetleri<\/strong><\/p>\n\n\n\n<ul type=\"1\">\n<li>Teknoloji geli\u015ftirme b\u00f6lgesi d\u00f6nemsel faaliyet dosyas\u0131 teknik dosya dan\u0131\u015fmanl\u0131\u011f\u0131<\/li>\n\n\n\n<li>Teknokent s\u00fcre\u00e7lerinin y\u00f6netim dan\u0131\u015fmanl\u0131\u011f\u0131<\/li>\n\n\n\n<li>\u0130lgili ayl\u0131k ve d\u00f6nemsel idari ve mali raporlar\u0131n d\u00fczenlenmesi dan\u0131\u015fmanl\u0131\u011f\u0131<\/li>\n<\/ul>\n","protected":false},"excerpt":{"rendered":"<p>AVRUPA B\u0130RL\u0130\u011e\u0130 \u00c7ER\u00c7EVE PROGRAMLARI DESTEKLER\u0130 Birlik Programlar\u0131 belirli bir s\u00fcre i\u00e7in Birlik politikalar\u0131 ile ilgili belirli alanlar\u0131 kapsayacak \u015fekilde AB \u00fcye \u00fclkeleri ve aday \u00fclkeler aras\u0131nda i\u015fbirli\u011fini te\u015fvik etmek \u00fczere uygulanan faaliyetler b\u00fct\u00fcn\u00fcd\u00fcr. Bu faaliyetler kapsam\u0131nda desteklenen ya da yeni duyurular kapsam\u0131nda desteklenecek olan alanlarda gerekli olan ba\u015fvuru a\u015famas\u0131nda projelendirme s\u00fcre\u00e7leri kurumumuzun uzman kadrosu ile<\/p>\n<p><a href=\"https:\/\/www.tmddanismanlik.com\/index.php\/destekler\/\" class=\"more-link\">Daha fazlas\u0131n\u0131 oku<\/a><\/p>\n","protected":false},"author":1,"featured_media":0,"parent":0,"menu_order":0,"comment_status":"closed","ping_status":"closed","template":"","meta":[],"_links":{"self":[{"href":"https:\/\/www.tmddanismanlik.com\/index.php\/wp-json\/wp\/v2\/pages\/98"}],"collection":[{"href":"https:\/\/www.tmddanismanlik.com\/index.php\/wp-json\/wp\/v2\/pages"}],"about":[{"href":"https:\/\/www.tmddanismanlik.com\/index.php\/wp-json\/wp\/v2\/types\/page"}],"author":[{"embeddable":true,"href":"https:\/\/www.tmddanismanlik.com\/index.php\/wp-json\/wp\/v2\/users\/1"}],"replies":[{"embeddable":true,"href":"https:\/\/www.tmddanismanlik.com\/index.php\/wp-json\/wp\/v2\/comments?post=98"}],"version-history":[{"count":15,"href":"https:\/\/www.tmddanismanlik.com\/index.php\/wp-json\/wp\/v2\/pages\/98\/revisions"}],"predecessor-version":[{"id":248,"href":"https:\/\/www.tmddanismanlik.com\/index.php\/wp-json\/wp\/v2\/pages\/98\/revisions\/248"}],"wp:attachment":[{"href":"https:\/\/www.tmddanismanlik.com\/index.php\/wp-json\/wp\/v2\/media?parent=98"}],"curies":[{"name":"wp","href":"https:\/\/api.w.org\/{rel}","templated":true}]}}